- 2. Calculate j(0).
-2
Let j(z) = z - 5. Give j(7).
2
Let f(k) = k**2 + 2*k. Give f(-3).
3
Let m(d) = d**3 + 6*d**2 + 8*d - 1. Give m(-3).
2
Let z(l) = l**2 + 2*l - 1. Calculate z(0).
-1
Let x(a) = -a**3 - 7*a**2 + 4*a + 14. Determine x(-7).
-14
Let g(a) = a - 7. Give g(11).
4
Let x(i) = -2*i - 2. Determine x(4).
-10
Let v(d) = -4*d + 89. Give v(22).
1
Let x(d) = -d**3 - 2*d**2 + 6*d + 10. Give x(-4).
18
Let c(z) = z + 1. Calculate c(6).
7
Let v(u) = -10*u**2 - 180*u. Give v(-18).
0
Let q(s) = 3*s - 35. Calculate q(7).
-14
Let g(j) = -3*j + 23. Calculate g(-5).
38
Let l(f) = 17*f**3 - 2*f + 1. What is l(1)?
16
Let h(c) = -8*c - 8. Give h(-2).
8
Let m(l) = -16*l - 2. Give m(-1).
14
Let q(k) = -2*k**2 + 14*k - 4. Determine q(7).
-4
Let q(n) = n - 7. What is q(5)?
-2
Let r(j) = -j**3 - 5*j - 5. Calculate r(0).
-5
Let n(f) = 2*f - 23. What is n(7)?
-9
Let s(z) = -z**3 - 21*z**2 + 26*z + 93. Determine s(-22).
5
Let h(y) = y**3 - y. What is h(1)?
0
Let m(d) = d**2 + 8*d + 1. Calculate m(-6).
-11
Let j(i) = 16*i - 23. Give j(2).
9
Let j(z) = z**3 - 13*z**2 + 15*z + 16. Calculate j(12).
52
Let t(w) = -5*w - 3. Calculate t(-7).
32
Let t(o) = o**3 - 27*o**2 + 24*o + 22. Give t(26).
-30
Let o(i) = i**3 - 5*i**2 - i + 2. What is o(2)?
-12
Let d(m) = -m**2 + 9*m + 7. Calculate d(6).
25
Let i(q) = -11*q - 23. Determine i(-7).
54
Let h(z) = 7*z - 11. What is h(-4)?
-39
Let z(u) = -u**2 + 12*u - 12. Calculate z(5).
23
Let a(v) = 7*v - 29. What is a(4)?
-1
Let j(f) = f**2 + 7*f + 11. Calculate j(-8).
19
Let n(a) = -a**2 - 12*a - 8. Calculate n(-7).
27
Let h(v) = v**2 + 6*v - 1. What is h(-7)?
6
Let q(t) = t**3 - 9*t**2 + 6*t - 4. Calculate q(3).
-40
Let w(c) = c + 2. Give w(-7).
-5
Let c(g) = g**2 - 7*g - 2. What is c(-5)?
58
Let m(v) = 34*v + 7. Give m(4).
143
Let i(d) = 2*d + 1. Give i(-7).
-13
Let n(s) = -36*s + 3. Calculate n(-1).
39
Let h(j) = -5*j + 162. Give h(34).
-8
Let b(d) = -19*d + 5. Calculate b(2).
-33
Let q(d) = d**3 - 2*d**2 + 2*d - 15. Determine q(0).
-15
Let k(h) = h**2 - 5*h - 7. Determine k(6).
-1
Let z(a) = -a - 2. Give z(6).
-8
Let n(f) = -f**3 + 9*f**2 + f + 8. What is n(9)?
17
Let a(c) = -10*c**3 + c**2 - c. What is a(1)?
-10
Let k(w) = -w**3 - 17*w**2 - 32*w - 27. Calculate k(-15).
3
Let d(h) = h**3 - 4*h**2 - h. Give d(2).
-10
Let r(c) = 14*c - 31. What is r(3)?
11
Let u(l) = 25*l + 67. Give u(-8).
-133
Let r(y) = 2*y - 17. What is r(4)?
-9
Let c(y) = -3*y + 12. Give c(-9).
39
Let b(r) = r**2 + 18*r + 61. Calculate b(-14).
5
Let a(p) = -3*p**3 + 9*p**2 + 5*p - 7. Determine a(3).
8
Let o(z) = -z**2 + 7*z - 2. What is o(9)?
-20
Let j(p) = p**2 + 6*p + 9. Determine j(-3).
0
Let b(q) = q**2 + 6*q - 5. Determine b(-6).
-5
Let s(k) = -6*k - 3. Determine s(-1).
3
Let q(u) = -12*u**2 + 2*u - 1. Determine q(1).
-11
Let w(x) = -x**2 - 2*x - 8. Calculate w(-6).
-32
Let g(y) = 6*y**2 - 3*y + 3. Determine g(3).
48
Let o(s) = -s**3 + 6*s**2 - 6*s + 12. Give o(6).
-24
Let l(a) = 12*a - 13. Give l(1).
-1
Let v(u) = -31*u**2 + 2*u + 3. Calculate v(-2).
-125
Let k(q) = 6*q**3 + q**2 + 2*q - 3. Calculate k(1).
6
Let u(l) = -4*l - 25. What is u(-5)?
-5
Let h(z) = -33*z + 693. What is h(21)?
0
Let o(g) = 2*g**3 + 14*g**2 + 18*g - 2. Determine o(-5).
8
Let c(f) = -f**2 - 9*f + 7. What is c(-10)?
-3
Let p(h) = -2*h. Determine p(2).
-4
Let f(w) = 4*w**3 - w**2 + w - 1. What is f(1)?
3
Let p(q) = 6*q + 264. Calculate p(-44).
0
Let m(a) = -2*a**2 + 20*a - 9. Give m(9).
9
Let s(d) = -d**2 - 3*d + 29. Give s(-8).
-11
Let q(p) = 60*p - 31. Give q(2).
89
Let x(f) = 3*f - 6. Determine x(-14).
-48
Let t(a) = -2*a**3 + 47*a**2 - 106*a + 15. What is t(21)?
-6
Let k(f) = f**3 + 5*f**2 + 2*f + 2. Determine k(-3).
14
Let q(a) = -a**2 - 2*a - 1. Determine q(3).
-16
Let a(u) = 4*u - 10. Give a(3).
2
Let u(a) = a**3 + 5*a**2 - 2*a + 1. Determine u(-5).
11
Let r(v) = 8*v**2 + 51*v - 25. Determine r(-7).
10
Let n(t) = -t**3 + 12*t**2 - 10*t + 2. Calculate n(11).
13
Let g(w) = -w**2 - 4*w - 4. Calculate g(0).
-4
Let j(a) = a**3 - 3*a**2 + 4*a - 1. Calculate j(3).
11
Let i(o) = 2*o - 4. What is i(-1)?
-6
Let m(q) = -20*q**3 - q**2 - 2*q - 1. Determine m(-1).
20
Let t(p) = -3*p**2 - p - 2. Determine t(-1).
-4
Let f(o) = o - 29. What is f(29)?
0
Let q(u) = u**2 + u + 3. Calculate q(5).
33
Let c(k) = -12*k**2 + 2*k + 2. What is c(-1)?
-12
Let w(l) = -l**3 - 11*l**2 + 14*l + 28. What is w(-12)?
4
Let n(t) = -7*t**2 + 16*t - 44. Calculate n(4).
-92
Let u(j) = j**3 - 12*j**2 + 17*j + 4. Calculate u(10).
-26
Let y(b) = b**2 + 121*b + 353. Calculate y(-3).
-1
Let k(n) = 6*n**2 - 3*n - 7. What is k(-3)?
56
Let c(b) = -2*b**2 - 3*b - 11. Give c(-6).
-65
Let r(n) = n**3 - 6*n**2 + 16*n - 163. Determine r(7).
-2
Let u(r) = r**2 + 13*r - 14. Give u(-13).
-14
Let d(m) = -3*m + 30. Calculate d(14).
-12
Let f(b) = 8*b**2 + b + 5. Give f(-4).
129
Let m(i) = -i + 12. Calculate m(0).
12
Let h(p) = -6*p - 4. What is h(-1)?
2
Let s(c) = c**3 + 22*c**2 - 20*c - 49. What is s(-23)?
-118
Let b(t) = -3*t**2 + 8*t + 37. Give b(5).
2
Let m(r) = 2*r**2 - 5*r + 5. What is m(5)?
30
Let f(q) = -q**3 + 6*q**2 + 8*q + 1. What is f(7)?
8
Let f(r) = -12*r + 233. Calculate f(19).
5
Let b(n) = -n**3 - 4*n**2 - 4*n + 1. Determine b(-4).
17
Let q(z) = -z**3 - 6*z**2 + 26. Determine q(-4).
-6
Let o(r) = -143*r + 437. Determine o(3).
8
Let n(p) = -3*p**2 + 6*p + 12. Calculate n(4).
-12
Let u(b) = -6*b**2 + 3*b + 14. Determine u(-3).
-49
Let a(g) = -3*g - 3. Give a(8).
-27
Let u(l) = -13*l. Calculate u(1).
-13
Let b(l) = 4*l - 3. Calculate b(5).
17
Let m(s) = 3*s**3 + 2*s**2 - 7*s - 5. Calculate m(-2).
-7
Let l(o) = -o**3 - 8*o**2 - 6*o + 13. Determine l(-7).
6
Let b(t) = t + 41. Calculate b(-46).
-5
Let l(f) = 7*f - 2. What is l(3)?
19
Let b(s) = -4*s**2 - 25*s + 1. Determine b(-6).
7
Let c(w) = 5*w + 1. What is c(1)?
6
Let x(s) = s**3 - 3*s**2 - 10*s - 1. Calculate x(-4).
-73
Let u(m) = -m**3 - 16*m**2 - 19*m - 32. Give u(-15).
28
Let k(m) = -3*m - 3. What is k(-1)?
0
Let x(w) = w**3 - 19*w**2 - 3*w + 53. What is x(19)?
-4
Let j(h) = h**3 + 11*h**2 - 14*h - 16. Calculate j(-12).
8
Let m(s) = -s**2 - 2*s + 21. Determine m(-5).
6
Let i(a) = 265*a - 527. Calculate i(2).
3
Let o(s) = -s**3 + 18*s**2 - 37*s - 1. Give o(16).
-81
Let b(a) = -4*a - 27. Determine b(-7).
1
Let k(h) = h**3 - 33*h**2 - 151*h + 111. Calculate k(37).
0
Let b(a) = a**3 + 11*a**2 - a + 25. What is b(-11)?
36
Let p(n) = 8*n**2 - 12*n - 3. What is p(2)?
5
Let k(w) = -4*w + 16. Determine k(-2).
24
Let p(d) = -2*d**2 + 8*d + 4. Calculate p(6).
-20
Let p(z) = z**3 + 4*z**2 - 21*z - 4. What is p(-7)?
-4
Let p(u) = u**3 - 18*u**2 + 37*u - 11. Determine p(16).
69
Let s(j) = j**2 + 3*j + 2. Calculate s(-7).
30
Let f(r) = -9*r - 11. Calculate f(7).
-74
Let i(g) = -8*g**3 + g**2 + 16*g + 16. Determine i(-1).
9
Let c(t) = 2*t - 12. Determine c(5).
-2
Let m(n) = -n**3 - 3*n**2 - n + 1. Determine m(-2).
-1
Let b(u) = -4*u - 37. Determine b(-12).
11
Let x(b) = b**2 + 10*b + 10. Give x(-7).
-11
Let n(c) = c**3 - 17*c**2 + 17*c - 10. Give n(16).
6
Let f(p) = -p**3 - 9*p**2 - 6*p - 2. What is f(-8)?
-18
Let y(b) = -b**3 + b - 3. Give y(0).
-3
Let y(l) = -4*l**3 - l**2. Calculate y(1).
-5
Let c(j) = 44*j + 1633. Give c(-37).
5
Let s(d) = -d**3 - d**2 + 24*d - 16. What is s(4)?
0
Let u(p) = -p**3 - 7*p**2 - 9*p - 55. Give u(-7).
8
Let x(i) = -2*i**2 - 9*i - 2. Give x(-6).
-20
Let y(r) = -r**2 - 3*r + 39. Calculate y(-9).
-15
Let s(y) = 2*y**3 - 40*y**2 + 2*y - 46. What is s(20)?
-6
Let b(i) = 2*i + 31. Calculate b(-10).
11
Let f(v) = -v**3 + 6*v**2 + 10*v - 14. Calculate f(7).
7
Let r(j) = j**3 + 15*j**2 + 14*j - 4. What is r(-14)?
-4
Let g(d) = d + 3. Give g(10).
13
Let x(m) = -12*m + 1. Calculate x(2).
-23
Let k(g) = g**3 + 13*g**2 + 13*g + 12. Give k(-12).
0
Let i(w) = -w**3 - 18*w**2 + 3*w + 2. What is i(-18)?
-52
Let j(h) = -h**2 - 10*h + 41. What is j(3)?
2
Let s(i) = 24*i + 92. Give s(-5).
-28
Let a(o) = o**2 - 19*o - 31. Give a(21).
11
Let a(o) = -37*o**2 + o + 1. What is a(-1)?
-37
Let f(y) = -8*y + 129. Calculate f(16).
1
Let x(b) = b**3 - 10*b**2 + 8*b - 8. Determine x(9).
-17
Let d(x) = -4*x - 37. Calculate d(8).
-69
Let q(s) = s**2 - 7*s + 1. Determine q(8).
9
Let a(g) = -g - 1. Determine a(-7).
6
Let q(d) = d**2 + 8*d. Give q(-6).
-12
Let x(u) = -5*